{"id":50,"date":"2021-05-24T16:58:33","date_gmt":"2021-05-24T13:58:33","guid":{"rendered":"https:\/\/energydays2021.cumhuriyet.edu.tr\/?page_id=50"},"modified":"2022-08-21T22:27:10","modified_gmt":"2022-08-21T19:27:10","slug":"kurullar","status":"publish","type":"page","link":"https:\/\/energydays2021.cumhuriyet.edu.tr\/?page_id=50","title":{"rendered":"Kurullar"},"content":{"rendered":"\n<h3 class=\"wp-block-heading\">Sempozyum Onursal Ba\u015fkan\u0131<\/h3>\n\n\n\n<h4 class=\"wp-block-heading\"><strong>Prof. Dr. Alim YILDIZ<\/strong><\/h4>\n\n\n\n<hr class=\"wp-block-separator has-css-opacity is-style-wide\"\/>\n\n\n\n<h3 class=\"wp-block-heading\">Sempozyum D\u00fczenleme Kurulu Ba\u015fkan\u0131<\/h3>\n\n\n\n<h4 class=\"wp-block-heading\"><strong>Prof. Dr. Hilmi ATASEVEN<\/strong><\/h4>\n\n\n\n<hr class=\"wp-block-separator has-css-opacity is-style-wide\"\/>\n\n\n\n<h3 class=\"wp-block-heading\">Sempozyum D\u00fczenleme Kurulu E\u015f Ba\u015fkan\u0131<\/h3>\n\n\n\n<h4 class=\"wp-block-heading\"><strong>Dr. \u00d6\u011fr. \u00dcyesi Derya Bet\u00fcl \u00dcNSAL \u00c7EL\u0130ML\u0130<\/strong><\/h4>\n\n\n\n<hr class=\"wp-block-separator has-css-opacity is-style-wide\"\/>\n\n\n\n<h3 class=\"wp-block-heading\">Sempozyum D\u00fczenleme Kurulu<\/h3>\n\n\n\n<h4 class=\"wp-block-heading\"><strong>Do\u00e7. Dr. Sultan ERKAN (Cuyem M\u00fcd\u00fcr Yard\u0131mc\u0131s\u0131)<\/strong><\/h4>\n\n\n\n<h4 class=\"wp-block-heading\"><strong>Ara\u015f. G\u00f6r. Dr. Abdulkadir \u015eEKER<\/strong><\/h4>\n\n\n\n<hr class=\"wp-block-separator has-css-opacity is-style-wide\"\/>\n\n\n\n<h4 class=\"wp-block-heading\">Teknik Destek Sorumlular\u0131<\/h4>\n\n\n\n<h4 class=\"wp-block-heading\"><strong>Elk. M\u00fch. Zeynep CERAN<\/strong><\/h4>\n\n\n\n<h4 class=\"wp-block-heading\"><strong>Elk. M\u00fch. B\u00fc\u015fra Beril KESG\u0130N<\/strong><\/h4>\n\n\n\n<hr class=\"wp-block-separator has-css-opacity is-style-wide\"\/>\n\n\n\n<hr class=\"wp-block-separator has-alpha-channel-opacity\"\/>\n\n\n\n<h3 class=\"wp-block-heading\">Bilim Kurulu<\/h3>\n\n\n\n<ul class=\"wp-block-list\"><li>Prof. Dr. Abdulkerim Y\u00d6R\u00dcKO\u011eLU, Enerji ve Tabii Kaynaklar Bakanl\u0131\u011f\u0131, BOR Enstit\u00fcs\u00fc Ba\u015fkan\u0131<\/li><li>Prof. Dr. Ahmet Af\u015fin KULAKSIZ, Konya Teknik \u00dcniversitesi<\/li><li>Prof. Dr. Beliz OZORHON, Bo\u011fazi\u00e7i \u00dcniversitesi<\/li><li>Prof. Dr. Ertan BUYRUK, Sivas Cumhuriyet \u00dcniversitesi<\/li><li>Prof. Dr. Hilmi ATASEVEN, Y\u0131ld\u0131r\u0131m Beyaz\u0131t \u00dcniversitesi<\/li><li>Prof. Dr. H\u00fcseyin CANBOLAT, Y\u0131ld\u0131r\u0131m Beyaz\u0131t \u00dcniversitesi<\/li><li>Prof. Dr. Kaan \u015eevki KAVAK, Sivas Cumhuriyet \u00dcniversitesi<\/li><li>Prof. Dr. Meltem SARIO\u011eLU CEBEC\u0130, Sivas Cumhuriyet \u00dcniversitesi<\/li><li>Prof. Dr. Nuri AZBAR, Ege \u00dcniversitesi<\/li><li>Prof. Dr. Orhan \u0130\u00c7ELL\u0130, Y\u0131ld\u0131z Teknik \u00dcniversitesi<\/li><li>Prof. Dr. Serdar BERK, Sivas Cumhuriyet \u00dcniversitesi<\/li><li>Prof. Dr. Serkan AKKOYUN, Sivas Cumhuriyet \u00dcniversitesi<\/li><li>Prof. Dr. Tuncay BAYRAM, Karadeniz Teknik \u00dcniversitesi<\/li><li>Prof. Dr. T\u00fclay YILDIRIM, Y\u0131ld\u0131z Teknik \u00dcniversitesi<\/li><li>Prof. Dr. Zehra SEYF\u0130KL\u0130, Sivas Cumhuriyet \u00dcniversitesi<\/li><li>Do\u00e7. Dr. Ahmet G\u00fcrkan Y\u00dcKSEK, Sivas Cumhuriyet \u00dcniversitesi<\/li><li>Do\u00e7. Dr. Ahmet \u00d6NEN, Abdullah G\u00fcl \u00dcniversitesi<\/li><li>Do\u00e7. Dr. Beg\u00fcm G\u00d6K\u00c7EK, Ni\u011fde \u00d6mer Halisdemir \u00dcniversitesi<\/li><li>Do\u00e7. Dr. B\u00fclent \u00dcNVER, Sivas Cumhuriyet \u00dcniversitesi<\/li><li>Do\u00e7. Dr. Koray KARABULUT, Sivas Cumhuriyet \u00dcniversitesi<\/li><li>Do\u00e7. Dr. Koray SAYIN, Sivas Cumhuriyet \u00dcniversitesi<\/li><li>Do\u00e7. Dr. Meryem SEFER\u0130NO\u011eLU, Sinop \u00dcniversitesi<\/li><li>Do\u00e7. Dr. Murat FAHR\u0130O\u011eLU, Orta Do\u011fu Teknik \u00dcniversitesi<\/li><li>Do\u00e7. Dr. Ozan ERD\u0130N\u00c7, Y\u0131ld\u0131z Teknik \u00dcniversitesi<\/li><li>Do\u00e7. Dr. Sultan ERKAN, Sivas Cumhuriyet \u00dcniversitesi<\/li><li>Dr. \u00d6\u011fr. \u00dcyesi Ali T\u0130FT\u0130K\u00c7\u0130, Sinop \u00dcniversitesi<\/li><li>Dr. \u00d6\u011fr. \u00dcyesi Derya Bet\u00fcl \u00dcNSAL \u00c7EL\u0130ML\u0130, Sivas Cumhuriyet \u00dcniversitesi<\/li><li>Dr. \u00d6\u011fr. \u00dcyesi H\u00fcseyin \u015eAH\u0130NER, Sinop \u00dcniversitesi<\/li><li>Dr. \u00d6\u011fr. \u00dcyesi Musa POLAT, Sivas Cumhuriyet \u00dcniversitesi<\/li><li>Dr. \u00d6\u011fr. \u00dcyesi Nurperihan TOSUN, Sivas Cumhuriyet \u00dcniversitesi<\/li><li>Dr. \u00d6\u011fr. \u00dcyesi Sedat Semih \u00c7A\u011eLAYAN, Sakarya Uygulamal\u0131 Bilimler \u00dcniversitesi<\/li><li>Dr. \u00d6\u011fr. \u00dcyesi Yunis TORUN, Sivas Cumhuriyet \u00dcniversitesi<\/li><li>Dr. \u00d6\u011fr. \u00dcyesi Zeynep HASIRCI TU\u011eCU, Karadeniz Teknik \u00dcniversitesi<\/li><li>Dr. Abdulkadir \u015eEKER, Sivas Cumhuriyet \u00dcniversitesi<\/li><li>Dr. Bar\u0131\u015f SANLI, Bilkent \u00dcniversitesi<\/li><li>Dr. \u015eeyma KIBRISLIO\u011eLU BAYKAN<\/li><li>Dr. \u015eeyma TA\u015eTEMUR<\/li><li>Dr. Turgay B\u0130\u015eK\u0130N<\/li><\/ul>\n","protected":false},"excerpt":{"rendered":"<p>Sempozyum Onursal Ba\u015fkan\u0131 Prof. Dr. Alim YILDIZ Sempozyum D\u00fczenleme Kurulu Ba\u015fkan\u0131 Prof. Dr. Hilmi ATASEVEN Sempozyum D\u00fczenleme Kurulu E\u015f Ba\u015fkan\u0131 Dr. \u00d6\u011fr. \u00dcyesi Derya Bet\u00fcl \u00dcNSAL \u00c7EL\u0130ML\u0130 Sempozyum D\u00fczenleme Kurulu Do\u00e7. Dr. Sultan ERKAN (Cuyem M\u00fcd\u00fcr Yard\u0131mc\u0131s\u0131) Ara\u015f. G\u00f6r. Dr. Abdulkadir \u015eEKER Teknik Destek Sorumlular\u0131 Elk. M\u00fch. Zeynep CERAN Elk. M\u00fch. B\u00fc\u015fra Beril KESG\u0130N Bilim &hellip; <\/p>\n","protected":false},"author":1,"featured_media":0,"parent":0,"menu_order":0,"comment_status":"closed","ping_status":"closed","template":"","meta":{"footnotes":""},"class_list":["post-50","page","type-page","status-publish","hentry"],"_links":{"self":[{"href":"https:\/\/energydays2021.cumhuriyet.edu.tr\/index.php?rest_route=\/wp\/v2\/pages\/50","targetHints":{"allow":["GET"]}}],"collection":[{"href":"https:\/\/energydays2021.cumhuriyet.edu.tr\/index.php?rest_route=\/wp\/v2\/pages"}],"about":[{"href":"https:\/\/energydays2021.cumhuriyet.edu.tr\/index.php?rest_route=\/wp\/v2\/types\/page"}],"author":[{"embeddable":true,"href":"https:\/\/energydays2021.cumhuriyet.edu.tr\/index.php?rest_route=\/wp\/v2\/users\/1"}],"replies":[{"embeddable":true,"href":"https:\/\/energydays2021.cumhuriyet.edu.tr\/index.php?rest_route=%2Fwp%2Fv2%2Fcomments&post=50"}],"version-history":[{"count":19,"href":"https:\/\/energydays2021.cumhuriyet.edu.tr\/index.php?rest_route=\/wp\/v2\/pages\/50\/revisions"}],"predecessor-version":[{"id":403,"href":"https:\/\/energydays2021.cumhuriyet.edu.tr\/index.php?rest_route=\/wp\/v2\/pages\/50\/revisions\/403"}],"wp:attachment":[{"href":"https:\/\/energydays2021.cumhuriyet.edu.tr\/index.php?rest_route=%2Fwp%2Fv2%2Fmedia&parent=50"}],"curies":[{"name":"wp","href":"https:\/\/api.w.org\/{rel}","templated":true}]}}